{"id":111918,"date":"2024-07-02T20:51:22","date_gmt":"2024-07-02T17:51:22","guid":{"rendered":"https:\/\/www.oludenizyildizotel.com\/?page_id=111918"},"modified":"2026-02-10T01:05:22","modified_gmt":"2026-02-09T22:05:22","slug":"triple-odalarimiz","status":"publish","type":"page","link":"https:\/\/www.oludenizyildizotel.com\/index.php\/triple-odalarimiz","title":{"rendered":"Triple Odalar\u0131m\u0131z"},"content":{"rendered":"\t\t<div data-elementor-type=\"wp-page\" data-elementor-id=\"111918\" class=\"elementor elementor-111918\">\n\t\t\t\t<div class=\"elementor-element elementor-element-438f1cc e-flex e-con-boxed tm-col-stretched-none tm-bg-color-over-image e-con e-parent\" data-id=\"438f1cc\" data-element_type=\"container\">\n\t\t\t\t\t<div class=\"e-con-inner\">\n\t\t<div class=\"elementor-element elementor-element-51774f7 e-con-full e-flex tm-col-stretched-none tm-bg-color-over-image e-con e-child\" data-id=\"51774f7\" data-element_type=\"container\">\n\t\t\t\t<div class=\"elementor-element elementor-element-80f7a72 elementor-widget elementor-widget-image\" data-id=\"80f7a72\" data-element_type=\"widget\" data-widget_type=\"image.default\">\n\t\t\t\t<div class=\"elementor-widget-container\">\n\t\t\t<style>\/*! elementor - v3.23.0 - 05-08-2024 *\/\n.elementor-widget-image{text-align:center}.elementor-widget-image a{display:inline-block}.elementor-widget-image a img[src$=\".svg\"]{width:48px}.elementor-widget-image img{vertical-align:middle;display:inline-block}<\/style>\t\t\t\t\t\t\t\t\t\t<img fetchpriority=\"high\" decoding=\"async\" width=\"1024\" height=\"683\" src=\"https:\/\/www.oludenizyildizotel.com\/wp-content\/uploads\/2024\/07\/standar-oda-7-1024x683.jpg\" class=\"attachment-large size-large wp-image-111926\" alt=\"\" srcset=\"https:\/\/www.oludenizyildizotel.com\/wp-content\/uploads\/2024\/07\/standar-oda-7-1024x683.jpg 1024w, https:\/\/www.oludenizyildizotel.com\/wp-content\/uploads\/2024\/07\/standar-oda-7-300x200.jpg 300w, https:\/\/www.oludenizyildizotel.com\/wp-content\/uploads\/2024\/07\/standar-oda-7-768x512.jpg 768w, https:\/\/www.oludenizyildizotel.com\/wp-content\/uploads\/2024\/07\/standar-oda-7-1536x1024.jpg 1536w, https:\/\/www.oludenizyildizotel.com\/wp-content\/uploads\/2024\/07\/standar-oda-7-672x448.jpg 672w, https:\/\/www.oludenizyildizotel.com\/wp-content\/uploads\/2024\/07\/standar-oda-7-600x400.jpg 600w, https:\/\/www.oludenizyildizotel.com\/wp-content\/uploads\/2024\/07\/standar-oda-7.jpg 1920w\" sizes=\"255px\" data-kodelisting-lazy-load-sizes=\"(max-width: 1024px) 100vw, 1024px\" data-kodelisting-loading-image=\"on\" \/>\t\t\t\t\t\t\t\t\t\t\t\t\t<\/div>\n\t\t\t\t<\/div>\n\t\t\t\t<\/div>\n\t\t<div class=\"elementor-element elementor-element-08a5ebb e-con-full e-flex tm-col-stretched-none tm-bg-color-over-image e-con e-child\" data-id=\"08a5ebb\" data-element_type=\"container\">\n\t\t\t\t<div class=\"elementor-element elementor-element-ba0a4c6 elementor-widget elementor-widget-image\" data-id=\"ba0a4c6\" data-element_type=\"widget\" data-widget_type=\"image.default\">\n\t\t\t\t<div class=\"elementor-widget-container\">\n\t\t\t\t\t\t\t\t\t\t\t\t\t<img decoding=\"async\" width=\"1024\" height=\"683\" src=\"https:\/\/www.oludenizyildizotel.com\/wp-content\/uploads\/2024\/05\/standar-oda-1-1024x683.jpg\" class=\"attachment-large size-large wp-image-111898\" alt=\"\" srcset=\"https:\/\/www.oludenizyildizotel.com\/wp-content\/uploads\/2024\/05\/standar-oda-1-1024x683.jpg 1024w, https:\/\/www.oludenizyildizotel.com\/wp-content\/uploads\/2024\/05\/standar-oda-1-300x200.jpg 300w, https:\/\/www.oludenizyildizotel.com\/wp-content\/uploads\/2024\/05\/standar-oda-1-768x512.jpg 768w, https:\/\/www.oludenizyildizotel.com\/wp-content\/uploads\/2024\/05\/standar-oda-1-1536x1024.jpg 1536w, https:\/\/www.oludenizyildizotel.com\/wp-content\/uploads\/2024\/05\/standar-oda-1-672x448.jpg 672w, https:\/\/www.oludenizyildizotel.com\/wp-content\/uploads\/2024\/05\/standar-oda-1-600x400.jpg 600w, https:\/\/www.oludenizyildizotel.com\/wp-content\/uploads\/2024\/05\/standar-oda-1.jpg 1920w\" sizes=\"255px\" data-kodelisting-lazy-load-sizes=\"(max-width: 1024px) 100vw, 1024px\" data-kodelisting-loading-image=\"on\" \/>\t\t\t\t\t\t\t\t\t\t\t\t\t<\/div>\n\t\t\t\t<\/div>\n\t\t\t\t<\/div>\n\t\t<div class=\"elementor-element elementor-element-3808b31 e-con-full e-flex tm-col-stretched-none tm-bg-color-over-image e-con e-child\" data-id=\"3808b31\" data-element_type=\"container\">\n\t\t\t\t<div class=\"elementor-element elementor-element-e9e73ed elementor-widget elementor-widget-image\" data-id=\"e9e73ed\" data-element_type=\"widget\" data-widget_type=\"image.default\">\n\t\t\t\t<div class=\"elementor-widget-container\">\n\t\t\t\t\t\t\t\t\t\t\t\t\t<img decoding=\"async\" width=\"1024\" height=\"683\" src=\"https:\/\/www.oludenizyildizotel.com\/wp-content\/uploads\/2024\/05\/standar-oda-1-1-1024x683.jpg\" class=\"attachment-large size-large wp-image-111900\" alt=\"\" srcset=\"https:\/\/www.oludenizyildizotel.com\/wp-content\/uploads\/2024\/05\/standar-oda-1-1-1024x683.jpg 1024w, https:\/\/www.oludenizyildizotel.com\/wp-content\/uploads\/2024\/05\/standar-oda-1-1-300x200.jpg 300w, https:\/\/www.oludenizyildizotel.com\/wp-content\/uploads\/2024\/05\/standar-oda-1-1-768x512.jpg 768w, https:\/\/www.oludenizyildizotel.com\/wp-content\/uploads\/2024\/05\/standar-oda-1-1-1536x1024.jpg 1536w, https:\/\/www.oludenizyildizotel.com\/wp-content\/uploads\/2024\/05\/standar-oda-1-1-672x448.jpg 672w, https:\/\/www.oludenizyildizotel.com\/wp-content\/uploads\/2024\/05\/standar-oda-1-1-600x400.jpg 600w, https:\/\/www.oludenizyildizotel.com\/wp-content\/uploads\/2024\/05\/standar-oda-1-1.jpg 1920w\" sizes=\"255px\" data-kodelisting-lazy-load-sizes=\"(max-width: 1024px) 100vw, 1024px\" data-kodelisting-loading-image=\"on\" \/>\t\t\t\t\t\t\t\t\t\t\t\t\t<\/div>\n\t\t\t\t<\/div>\n\t\t\t\t<\/div>\n\t\t<div class=\"elementor-element elementor-element-d31ecc0 e-con-full e-flex tm-col-stretched-none tm-bg-color-over-image e-con e-child\" data-id=\"d31ecc0\" data-element_type=\"container\">\n\t\t\t\t<\/div>\n\t\t<div class=\"elementor-element elementor-element-a54cb93 e-con-full e-flex tm-col-stretched-none tm-bg-color-over-image e-con e-child\" data-id=\"a54cb93\" data-element_type=\"container\">\n\t\t\t\t<\/div>\n\t\t<div class=\"elementor-element elementor-element-708ca80 e-con-full e-flex tm-col-stretched-none tm-bg-color-over-image e-con e-child\" data-id=\"708ca80\" data-element_type=\"container\">\n\t\t\t\t<\/div>\n\t\t\t\t\t<\/div>\n\t\t\t\t<\/div>\n\t\t<div class=\"elementor-element elementor-element-86fe134 e-flex e-con-boxed tm-col-stretched-none tm-bg-color-over-image e-con e-parent\" data-id=\"86fe134\" data-element_type=\"container\">\n\t\t\t\t\t<div class=\"e-con-inner\">\n\t\t\t\t<div class=\"elementor-element elementor-element-14e3fa5 elementor-widget elementor-widget-text-editor\" data-id=\"14e3fa5\" data-element_type=\"widget\" data-widget_type=\"text-editor.default\">\n\t\t\t\t<div class=\"elementor-widget-container\">\n\t\t\t<style>\/*! elementor - v3.23.0 - 05-08-2024 *\/\n.elementor-widget-text-editor.elementor-drop-cap-view-stacked .elementor-drop-cap{background-color:#69727d;color:#fff}.elementor-widget-text-editor.elementor-drop-cap-view-framed .elementor-drop-cap{color:#69727d;border:3px solid;background-color:transparent}.elementor-widget-text-editor:not(.elementor-drop-cap-view-default) .elementor-drop-cap{margin-top:8px}.elementor-widget-text-editor:not(.elementor-drop-cap-view-default) .elementor-drop-cap-letter{width:1em;height:1em}.elementor-widget-text-editor .elementor-drop-cap{float:left;text-align:center;line-height:1;font-size:50px}.elementor-widget-text-editor .elementor-drop-cap-letter{display:inline-block}<\/style>\t\t\t\tMavi Y\u0131ld\u0131z Konaklama&#8217;n\u0131n  triple odalar\u0131, \u00fc\u00e7 ki\u015fiye kadar konaklama imkan\u0131 sunan geni\u015f ve rahat odalard\u0131r. Bu odalar, aileler veya arkada\u015f gruplar\u0131 i\u00e7in idealdir. \u0130\u015fte Mavi Y\u0131ld\u0131z Konaklama&#8217;n\u0131n triple odalar\u0131 hakk\u0131nda detaylar:\t\t\t\t\t\t<\/div>\n\t\t\t\t<\/div>\n\t\t\t\t\t<\/div>\n\t\t\t\t<\/div>\n\t\t<div class=\"elementor-element elementor-element-e3b51ba e-flex e-con-boxed tm-col-stretched-none tm-bg-color-over-image e-con e-parent\" data-id=\"e3b51ba\" data-element_type=\"container\">\n\t\t\t\t\t<div class=\"e-con-inner\">\n\t\t\t\t<div class=\"elementor-element elementor-element-304c95e elementor-widget elementor-widget-heading\" data-id=\"304c95e\" data-element_type=\"widget\" data-widget_type=\"heading.default\">\n\t\t\t\t<div class=\"elementor-widget-container\">\n\t\t\t<style>\/*! elementor - v3.23.0 - 05-08-2024 *\/\n.elementor-heading-title{padding:0;margin:0;line-height:1}.elementor-widget-heading .elementor-heading-title[class*=elementor-size-]>a{color:inherit;font-size:inherit;line-height:inherit}.elementor-widget-heading .elementor-heading-title.elementor-size-small{font-size:15px}.elementor-widget-heading .elementor-heading-title.elementor-size-medium{font-size:19px}.elementor-widget-heading .elementor-heading-title.elementor-size-large{font-size:29px}.elementor-widget-heading .elementor-heading-title.elementor-size-xl{font-size:39px}.elementor-widget-heading .elementor-heading-title.elementor-size-xxl{font-size:59px}<\/style><h2 class=\"elementor-heading-title elementor-size-default\">Oda \u00d6zellikleri\n<\/h2>\t\t<\/div>\n\t\t\t\t<\/div>\n\t\t\t\t\t<\/div>\n\t\t\t\t<\/div>\n\t\t<div class=\"elementor-element elementor-element-5e05be3 e-flex e-con-boxed tm-col-stretched-none tm-bg-color-over-image e-con e-parent\" data-id=\"5e05be3\" data-element_type=\"container\">\n\t\t\t\t\t<div class=\"e-con-inner\">\n\t\t\t\t<div class=\"elementor-element elementor-element-aa9ddd0 elementor-widget elementor-widget-text-editor\" data-id=\"aa9ddd0\" data-element_type=\"widget\" data-widget_type=\"text-editor.default\">\n\t\t\t\t<div class=\"elementor-widget-container\">\n\t\t\t\t\t\t\t<ul><li><strong>Yatak D\u00fczeni<\/strong>: \u00c7ift ki\u015filik yatak veya iki tek ki\u015filik yatak se\u00e7enekleri.<\/li><li><strong>Banyo<\/strong>: \u00d6zel banyo, du\u015f, \u00fccretsiz banyo malzemeleri, sa\u00e7 kurutma makinesi.<\/li><li><strong>Klima<\/strong>: Odalarda klima sistemi bulunur.<\/li><li><strong>Wi-Fi<\/strong>: \u00dccretsiz Wi-Fi eri\u015fimi.<\/li><li><strong>Televizyon<\/strong>: D\u00fcz ekran televizyon.<\/li><li><strong>Mini Bar<\/strong>: Mini bar ve kahve\/\u00e7ay yapma imkan\u0131.<\/li><li><strong>G\u00fcvenlik Kasas\u0131<\/strong>: De\u011ferli e\u015fyalar\u0131n\u0131z\u0131 saklamak i\u00e7in oda kasas\u0131.<\/li><li><strong>Balkon<\/strong>: Baz\u0131 odalarda \u00f6zel balkon veya teras bulunabilir.<\/li><\/ul>\t\t\t\t\t\t<\/div>\n\t\t\t\t<\/div>\n\t\t\t\t\t<\/div>\n\t\t\t\t<\/div>\n\t\t<div class=\"elementor-element elementor-element-a7e51e0 e-flex e-con-boxed tm-col-stretched-none tm-bg-color-over-image e-con e-parent\" data-id=\"a7e51e0\" data-element_type=\"container\">\n\t\t\t\t\t<div class=\"e-con-inner\">\n\t\t\t\t<div class=\"elementor-element elementor-element-d5ff5cf elementor-widget elementor-widget-heading\" data-id=\"d5ff5cf\" data-element_type=\"widget\" data-widget_type=\"heading.default\">\n\t\t\t\t<div class=\"elementor-widget-container\">\n\t\t\t<h2 class=\"elementor-heading-title elementor-size-default\">Konfor ve Tasar\u0131m\n<\/h2>\t\t<\/div>\n\t\t\t\t<\/div>\n\t\t\t\t\t<\/div>\n\t\t\t\t<\/div>\n\t\t<div class=\"elementor-element elementor-element-9eda06e e-flex e-con-boxed tm-col-stretched-none tm-bg-color-over-image e-con e-parent\" data-id=\"9eda06e\" data-element_type=\"container\">\n\t\t\t\t\t<div class=\"e-con-inner\">\n\t\t\t\t<div class=\"elementor-element elementor-element-519299e elementor-widget elementor-widget-text-editor\" data-id=\"519299e\" data-element_type=\"widget\" data-widget_type=\"text-editor.default\">\n\t\t\t\t<div class=\"elementor-widget-container\">\n\t\t\t\t\t\t\t<ul><li><strong>Dekorasyon<\/strong>: Modern ve rahat bir dekorasyon, sade ve \u015f\u0131k mobilyalar.<\/li><li><strong>Temizlik<\/strong>: G\u00fcnl\u00fck oda temizli\u011fi hizmeti.<\/li><li><strong>Oturma Alan\u0131<\/strong>: Rahat bir oturma alan\u0131 (baz\u0131 odalarda).<\/li><\/ul>\t\t\t\t\t\t<\/div>\n\t\t\t\t<\/div>\n\t\t\t\t\t<\/div>\n\t\t\t\t<\/div>\n\t\t<div class=\"elementor-element elementor-element-62757ee e-flex e-con-boxed tm-col-stretched-none tm-bg-color-over-image e-con e-parent\" data-id=\"62757ee\" data-element_type=\"container\">\n\t\t\t\t\t<div class=\"e-con-inner\">\n\t\t\t\t<div class=\"elementor-element elementor-element-f4aa27a elementor-widget elementor-widget-heading\" data-id=\"f4aa27a\" data-element_type=\"widget\" data-widget_type=\"heading.default\">\n\t\t\t\t<div class=\"elementor-widget-container\">\n\t\t\t<h2 class=\"elementor-heading-title elementor-size-default\">Ekstra Hizmetler\n<\/h2>\t\t<\/div>\n\t\t\t\t<\/div>\n\t\t\t\t\t<\/div>\n\t\t\t\t<\/div>\n\t\t<div class=\"elementor-element elementor-element-58b9011 e-flex e-con-boxed tm-col-stretched-none tm-bg-color-over-image e-con e-parent\" data-id=\"58b9011\" data-element_type=\"container\">\n\t\t\t\t\t<div class=\"e-con-inner\">\n\t\t\t\t<div class=\"elementor-element elementor-element-cdc9e96 elementor-widget elementor-widget-text-editor\" data-id=\"cdc9e96\" data-element_type=\"widget\" data-widget_type=\"text-editor.default\">\n\t\t\t\t<div class=\"elementor-widget-container\">\n\t\t\t\t\t\t\t<ul><li><strong>Oda Servisi<\/strong>: Belirli saatlerde oda servisi imkan\u0131.<\/li><li><strong>Uyand\u0131rma Servisi<\/strong>: Talep \u00fczerine uyand\u0131rma servisi.<\/li><li><strong>\u00c7ama\u015f\u0131rhane Hizmeti<\/strong>: Ek \u00fccret kar\u015f\u0131l\u0131\u011f\u0131nda \u00e7ama\u015f\u0131rhane ve kuru temizleme hizmeti.<\/li><\/ul>\t\t\t\t\t\t<\/div>\n\t\t\t\t<\/div>\n\t\t\t\t\t<\/div>\n\t\t\t\t<\/div>\n\t\t<div class=\"elementor-element elementor-element-fa30623 e-flex e-con-boxed tm-col-stretched-none tm-bg-color-over-image e-con e-parent\" data-id=\"fa30623\" data-element_type=\"container\">\n\t\t\t\t\t<div class=\"e-con-inner\">\n\t\t\t\t<div class=\"elementor-element elementor-element-537cb50 elementor-widget elementor-widget-heading\" data-id=\"537cb50\" data-element_type=\"widget\" data-widget_type=\"heading.default\">\n\t\t\t\t<div class=\"elementor-widget-container\">\n\t\t\t<h2 class=\"elementor-heading-title elementor-size-default\">Genel De\u011ferlendirme\n<\/h2>\t\t<\/div>\n\t\t\t\t<\/div>\n\t\t\t\t\t<\/div>\n\t\t\t\t<\/div>\n\t\t<div class=\"elementor-element elementor-element-bd248ff e-flex e-con-boxed tm-col-stretched-none tm-bg-color-over-image e-con e-parent\" data-id=\"bd248ff\" data-element_type=\"container\">\n\t\t\t\t\t<div class=\"e-con-inner\">\n\t\t\t\t<div class=\"elementor-element elementor-element-f45136b elementor-widget elementor-widget-text-editor\" data-id=\"f45136b\" data-element_type=\"widget\" data-widget_type=\"text-editor.default\">\n\t\t\t\t<div class=\"elementor-widget-container\">\n\t\t\t\t\t\t\t<p><strong>\u00d6l\u00fcdeniz<\/strong> Mavi Y\u0131ld\u0131z <strong> Konaklama&#8217;n\u0131n<\/strong>&#8216;in triple odalar\u0131, \u00fc\u00e7 ki\u015filik gruplar i\u00e7in rahat ve konforlu bir konaklama deneyimi sunar. Geni\u015f yatak d\u00fczeni ve modern olanaklar\u0131 ile misafirlerin ihtiya\u00e7lar\u0131n\u0131 kar\u015f\u0131lamak \u00fczere tasarlanm\u0131\u015ft\u0131r. Tesisin sundu\u011fu huzurlu atmosfer ve kaliteli hizmet, konuklar\u0131n tatil deneyimlerini daha da \u00f6zel k\u0131lmaktad\u0131r.<\/p><p>Daha fazla bilgi almak ve rezervasyon yapmak i\u00e7in\u00a0 do\u011frudan Bizimle ileti\u015fime ge\u00e7ebilirsiniz.<\/p>\t\t\t\t\t\t<\/div>\n\t\t\t\t<\/div>\n\t\t\t\t\t<\/div>\n\t\t\t\t<\/div>\n\t\t\t\t<\/div>\n\t\t","protected":false},"excerpt":{"rendered":"<p>Mavi Y\u0131ld\u0131z Konaklama&#8217;n\u0131n triple odalar\u0131, \u00fc\u00e7 ki\u015fiye kadar konaklama imkan\u0131 sunan geni\u015f ve rahat odalard\u0131r. Bu odalar, aileler veya arkada\u015f&#8230;<\/p>\n","protected":false},"author":1,"featured_media":0,"parent":0,"menu_order":0,"comment_status":"closed","ping_status":"closed","template":"","meta":{"ngg_post_thumbnail":0,"footnotes":""},"class_list":["post-111918","page","type-page","status-publish","hentry"],"_links":{"self":[{"href":"https:\/\/www.oludenizyildizotel.com\/index.php\/wp-json\/wp\/v2\/pages\/111918","targetHints":{"allow":["GET"]}}],"collection":[{"href":"https:\/\/www.oludenizyildizotel.com\/index.php\/wp-json\/wp\/v2\/pages"}],"about":[{"href":"https:\/\/www.oludenizyildizotel.com\/index.php\/wp-json\/wp\/v2\/types\/page"}],"author":[{"embeddable":true,"href":"https:\/\/www.oludenizyildizotel.com\/index.php\/wp-json\/wp\/v2\/users\/1"}],"replies":[{"embeddable":true,"href":"https:\/\/www.oludenizyildizotel.com\/index.php\/wp-json\/wp\/v2\/comments?post=111918"}],"version-history":[{"count":9,"href":"https:\/\/www.oludenizyildizotel.com\/index.php\/wp-json\/wp\/v2\/pages\/111918\/revisions"}],"predecessor-version":[{"id":112033,"href":"https:\/\/www.oludenizyildizotel.com\/index.php\/wp-json\/wp\/v2\/pages\/111918\/revisions\/112033"}],"wp:attachment":[{"href":"https:\/\/www.oludenizyildizotel.com\/index.php\/wp-json\/wp\/v2\/media?parent=111918"}],"curies":[{"name":"wp","href":"https:\/\/api.w.org\/{rel}","templated":true}]}}